osite number?
True
Is 8774419 composite?
False
Is 5480177 composite?
True
Is 240395 prime?
False
Is 22175297 a composite number?
True
Is 881285597 prime?
False
Is 423173 a composite number?
False
Is 6349813 composite?
True
Is 512542133 prime?
True
Is 3146119 prime?
False
Is 33717311 a composite number?
False
Is 861438635 prime?
False
Is 1290257 composite?
False
Is 265232251 prime?
False
Is 3211583 prime?
True
Is 308250601 a composite number?
False
Is 43990847 prime?
True
Is 19012829 a composite number?
True
Is 7566703 composite?
False
Is 3537529 prime?
False
Is 25078987 composite?
True
Is 88418483 prime?
True
Is 20084761 a composite number?
False
Is 49289351 a prime number?
True
Is 10137781 prime?
True
Is 22156891 a composite number?
True
Is 60212129 a prime number?
True
Is 4383571 a prime number?
True
Is 110089193 a prime number?
True
Is 2906093 a prime number?
False
Is 266799521 a composite number?
False
Is 839369 composite?
False
Is 235150649 prime?
True
Is 4824091 composite?
False
Is 20061737 prime?
True
Is 221581595 composite?
True
Is 5098085 composite?
True
Is 1039513 composite?
False
Is 67341371 prime?
False
Is 455667515 a prime number?
False
Is 410176495 a composite number?
True
Is 26328229 composite?
True
Is 12563599 a prime number?
False
Is 18012613 prime?
True
Is 78745 a prime number?
False
Is 6857794 a composite number?
True
Is 745801393 composite?
False
Is 27601663 prime?
True
Is 58627861 a prime number?
True
Is 55226767 prime?
False
Is 1320103 composite?
True
Is 3887003 prime?
True
Is 13440997 prime?
True
Is 24548507 prime?
True
Is 1191529 prime?
True
Is 103017881 a composite number?
False
Is 741699259 a prime number?
False
Is 387519241 prime?
False
Is 75922049 a prime number?
False
Is 417691 a prime number?
True
Is 747127 a composite number?
True
Is 57365489 prime?
True
Is 127964099 prime?
True
Is 58652305 prime?
False
Is 3821627 composite?
False
Is 16312211 a prime number?
True
Is 2891687 prime?
True
Is 131519 composite?
False
Is 187308127 prime?
True
Is 77504459 prime?
True
Is 2829823 prime?
False
Is 500107 a composite number?
False
Is 51360523 a prime number?
True
Is 18883117 prime?
False
Is 5758889 composite?
False
Is 3391409 composite?
True
Is 866731 a composite number?
True
Is 117167951 a composite number?
False
Is 912099 a prime number?
False
Is 981373 prime?
True
Is 25281481 prime?
True
Is 71130481 a prime number?
False
Is 594637 a composite number?
False
Is 430240823 a prime number?
False
Is 190035997 a composite number?
False
Is 10000151 prime?
False
Is 40987369 a composite number?
False
Is 1008439 prime?
False
Is 1614827 a composite number?
True
Is 5107981 composite?
True
Is 452927 a composite number?
True
Is 3759323 prime?
True
Is 161348311 a composite number?
False
Is 72980819 a prime number?
True
Is 3251621 composite?
True
Is 653541319 prime?
False
Is 19658503 composite?
False
Is 6532231 composite?
False
Is 80302933 a prime number?
True
Is 11219051 a composite number?
False
Is 274428631 prime?
True
Is 8065282 prime?
False
Is 15892313 a composite number?
True
Is 10231541 prime?
False
Is 7766897 a composite number?
False
Is 98084537 a prime number?
True
Is 3389767 a prime number?
True
Is 4300529 composite?
True
Is 4000717 composite?
True
Is 2263442 prime?
False
Is 710943383 prime?
False
Is 18071029 prime?
False
Is 14038067 prime?
True
Is 43494641 a prime number?
False
Is 796291547 composite?
False
Is 3525293 prime?
True
Is 7597873 a composite number?
False
Is 5450903 a composite number?
False
Is 4407977 a prime number?
False
Is 183053219 a prime number?
True
Is 3467449 prime?
True
Is 35707619 composite?
True
Is 7475513 composite?
True
Is 25239209 composite?
False
Is 21139901 a composite number?
False
Is 8129221 a prime number?
True
Is 2352179 prime?
False
Is 1009343 prime?
True
Is 42870881 composite?
True
Is 135738499 prime?
False
Is 85087147 a prime number?
False
Is 56968053 composite?
True
Is 28571701 a composite number?
True
Is 4170641 prime?
True
Is 41158861 composite?
False
Is 1611283 composite?
True
Is 2316959 prime?
False
Is 36103201 prime?
True
Is 12563039 prime?
True
Is 10641 a composite number?
True
Is 164725151 a composite number?
False
Is 183279917 composite?
False
Is 176062649 composite?
True
Is 158008141 prime?
True
Is 90591923 a prime number?
True
Is 256929853 a composite number?
False
Is 16365787 a composite number?
False
Is 473191 composite?
False
Is 37053041 composite?
False
Is 378563 prime?
False
Is 12709847 composite?
False
Is 389573035 prime?
False
Is 109321897 prime?
False
Is 286384921 a prime number?
False
Is 342889793 a composite number?
True
Is 429217 a composite number?
False
Is 6033707 composite?
False
Is 7032857 prime?
False
Is 141730753 prime?
True
Is 87648703 composite?
True
Is 66301967 a composite number?
True
Is 2360131 prime?
True
Is 3754159 prime?
False
Is 1354242283 a prime number?
True
Is 63008041 a composite number?
False
Is 28786207 a composite number?
True
Is 3287261 prime?
True
Is 316487 a prime number?
False
Is 1500354565 prime?
False
Is 370793519 a composite number?
False
Is 98786357 prime?
False
Is 6811837 prime?
False
Is 388705459 a composite number?
True
Is 291856681 composite?
True
Is 42566803 a composite number?
False
Is 7166465 prime?
False
Is 1954441 composite?
False
Is 3476921 composite?
True
Is 762999113 a composite number?
False
Is 3974623 a prime number?
True
Is 269844877 a prime number?
False
Is 8581241 a composite number?
False
Is 66502267 a prime number?
False
Is 863957 composite?
True
Is 4521719 a composite number?
True
Is 15927619 a prime number?
True
Is 392521251 prime?
False
Is 173090231 a prime number?
True
Is 3986089 prime?
False
Is 198001 a composite number?
True
Is 1189189 a prime number?
True
Is 4628093 composite?
False
Is 405655469 a prime number?
True
Is 19284983 prime?
False
Is 533161169 composite?
False
Is 6823585 prime?
False
Is 1278841 a composite number?
True
Is 500348627 a prime number?
False
Is 10183121 a composite number?
True
Is 779761 composite?
False
Is 404941 prime?
True
Is 44526617 a composite number?
False
Is 1893581 prime?
True
Is 120838043 prime?
False
Is 31456037 composite?
True
Is 126680059 composite?
True
Is 18819167 a prime number?
True
Is 20313035 prime?
False
Is 162679709 composite?
False
Is 781016921 composite?
False
Is 1874657 a prime number?
True
Is 212896403 composite?
False
Is 205669 composite?
True
Is 494971 a composite number?
True
Is 1998169 composite?
False
Is 497167 a prime number?
False
Is 12642199 composite?
False
Is 11420497 composite?
True
Is 41977538 a prime number?
False
Is 375713339 composite?
False
Is 518099 composite?
False
Is 3042553 a prime number?
True
Is 299137 a prime number?
True
Is 6000229 a composite number?
False
Is 192308191 a prime number?
False
Is 12419101 composite?
False
Is 56719943 a prime number?
False
Is 1327673 composite?
False
Is 137826305 a prime number?
False
Is 239869 composite?
True
Is 7154867 prime?
False
Is 17364391 a prime number?
False
Is 1207793 prime?
False
Is 40083627 prime?
False
Is 5273711 prime?
True
Is 6590287 composite?
True
Is 17926723 composite?
True
Is 302970793 composite?
False
Is 5224471 a prime number?
False
Is 8772827 a composite number?
True
Is 363799 composite?
False
Is 9425219 a prime number?
False
Is 1009703755 prime?
False
Is 2304557 a composite number?
True
Is 4484689 a composite number?
True
Is 4478093 a composite number?
True
Is 655507 a composite number?
False
Is 850781 a composite number?
False
Is 3448981 prime?
True
Is 45716179 a prime number?
False
Is 4365581 composite?
True
Is 2728321 a prime number?
True
Is 797003 a composite number?
False
Is 26540463 a prime number?
False
Is 16082259 composite?
True
Is 350014739 a prime number?
True
Is 19737871 prime?
True
Is 223501049 composite?
False
Is 23117 a composite number?
False
Is 2579673 prime?
False
Is 378093 composite?
True
Is 138432041 a prime number?
False
Is 10680871 prime?
True
Is 433763795 prime?
False
Is 6009439 a prime number?
True
Is 3497771 a prime number?
False
Is 8674999 a prime number?
False
Is 745981883 composite?
False
Is 12989839 a composite number?
True
Is 227687569 prime?
True
Is 26623369 composite?
False
Is 104646147 prime?
False
Is 35875961 a composite number?
True
Is 753586629 a compos